v) = -v**2 - 1750*v + 250436. What is p(133)?
-3
Let w(h) = -1422*h**3 + 19*h**2 + 84*h + 62. Determine w(-1).
1419
Let t(s) = 45*s**2 + 1014*s - 4212. Determine t(4).
564
Let g(j) = -5237*j - 36645. Give g(-7).
14
Let c(a) = 3727*a + 111819. Give c(-30).
9
Let g(y) = -15525*y + 11209053. Give g(722).
3
Let c(t) = -t**3 - 251*t**2 - 2189*t + 33. What is c(-9)?
132
Let z(h) = -656*h + 24956. Determine z(38).
28
Let z(m) = -635*m + 71587. Calculate z(113).
-168
Let i(q) = 9504*q - 1435054. Calculate i(151).
50
Let x(h) = 3*h**3 - 379*h**2 - 3927*h + 510685. Give x(126).
7
Let s(x) = -76*x + 5625. Determine s(84).
-759
Let j(z) = -5*z**2 + 387*z + 566096. Calculate j(-300).
-4
Let j(z) = z**3 + 3290*z**2 - 19687*z + 293341. Calculate j(-3296).
-3
Let h(f) = -3644*f - 21862. What is h(-6)?
2
Let d(k) = -k**3 + 219*k**2 - 3967*k - 423. Calculate d(20).
-163
Let q(k) = 6*k**2 - 14*k + 16. Determine q(3).
28
Let a(v) = 3*v**2 + 584*v + 7603. Give a(-14).
15
Let u(c) = 2*c**3 - 46*c**2 + 92*c + 128. What is u(20)?
-432
Let c(h) = 822*h - 61674. Calculate c(75).
-24
Let k(y) = 3*y**3 + 33*y**2 - 87*y - 701. Give k(-12).
-89
Let c(b) = -5139*b**2 - 1151139*b - 665. Give c(-224).
7
Let x(p) = 2*p**3 + 426*p**2 - 10*p - 1440. What is x(-213)?
690
Let q(v) = -862*v**3 + 10*v - 9. Give q(1).
-861
Let h(w) = -w**2 + 583*w + 13225. Give h(-24).
-1343
Let o(l) = 552*l + 39161. Give o(-71).
-31
Let o(v) = -16*v**3 - 1650*v**2 + 169*v + 38632. Calculate o(-103).
7
Let z(g) = 1544*g - 21367. Determine z(14).
249
Let w(m) = 38*m**2 + 1790*m + 1902. Determine w(-46).
-30
Let f(w) = -w**3 + 56*w**2 - 81*w - 1340. Determine f(54).
118
Let t(n) = 8*n**3 + 459*n**2 + 155*n - 303. Give t(-1).
-7
Let t(g) = -2*g**3 + 3*g**2 + 24*g - 41. Calculate t(6).
-221
Let f(o) = -o**3 - 19*o**2 + 200*o + 161. Give f(-26).
-307
Let j(r) = r**2 + 641380*r - 23090972. Determine j(36).
4
Let v(o) = -3*o**3 + 167*o**2 - 2208*o - 66. What is v(34)?
2
Let l(y) = 13*y**2 - 145*y + 122. Give l(6).
-280
Let c(d) = d**2 + 300620*d - 10522923. What is c(35)?
2
Let d(i) = 5*i**2 + 283*i - 6256. What is d(-74)?
182
Let p(d) = -8*d**2 + 9671*d + 38792. Determine p(-4).
-20
Let l(v) = 4*v**3 + 232*v**2 + 1206*v - 211. Give l(-6).
41
Let q(s) = 2*s**2 - 8214*s - 49418. Determine q(-6).
-62
Let z(r) = -73*r**2 + 306*r + 16. Give z(4).
72
Let u(o) = 36*o**3 - 12*o**2 - 55*o + 63. Determine u(1).
32
Let p(r) = -9*r**3 + 103*r**2 + 164*r - 2330. Give p(11).
-42
Let a(s) = -5475*s + 87721. Give a(16).
121
Let d(l) = l**2 - 10202*l + 3353068. Calculate d(340).
-12
Let n(d) = -10117*d - 505846. What is n(-50)?
4
Let j(w) = 2*w**2 - 9929*w - 39746. Determine j(-4).
2
Let s(z) = z**3 + 25*z**2 - 95*z + 591. Calculate s(-29).
-18
Let t(n) = -n**3 + 139*n**2 + 275*n + 1118. Calculate t(141).
131
Let u(x) = -69417*x + 277656. Determine u(4).
-12
Let f(p) = -192*p - 7038. Calculate f(-37).
66
Let q(h) = -19*h**2 - 3536*h - 10591. Give q(-3).
-154
Let u(z) = z**3 + 63*z**2 - 2875*z + 3664. What is u(-94)?
-2
Let u(n) = n**3 + 77*n**2 - 768*n + 507. Give u(-86).
-9
Let i(z) = -z**2 - 1373*z - 159400. What is i(-128)?
-40
Let l(j) = j**3 - 166*j**2 + 484*j + 413. Determine l(163).
-402
Let a(d) = -287*d - 4207. Calculate a(-13).
-476
Let i(r) = -2437*r + 265673. What is i(109)?
40
Let o(f) = -f**3 + 50*f**2 + 344*f - 413. What is o(56)?
35
Let m(c) = 146*c - 23383. Give m(179).
2751
Let m(s) = 6*s**2 - 1284*s - 2898. Calculate m(216).
-306
Let l(w) = 6401*w - 1837097. Calculate l(287).
-10
Let r(y) = 47*y**2 + 547*y - 228. Calculate r(-12).
-24
Let x(r) = -12*r**3 - 6512*r**2 + 2171*r - 654. Calculate x(-543).
-111
Let g(o) = 1817*o - 14818. What is g(9)?
1535
Let l(d) = -d**2 + d + 28. Give l(13).
-128
Let i(h) = 13*h**2 - 795*h - 928. What is i(62)?
-246
Let c(v) = v**3 - 328*v**2 - 3039*v + 2025. Give c(337).
3
Let m(k) = 3054*k + 274866. Determine m(-90).
6
Let p(b) = -8*b**2 - 5106*b - 51557. Give p(-628).
-61
Let y(c) = -420761*c - 3366126. Give y(-8).
-38
Let p(w) = w**2 - 141*w - 205272. What is p(529)?
-20
Let t(w) = -7*w**3 + 8*w**2 - 14*w + 126. Calculate t(2).
74
Let l(p) = 5*p**3 - 53*p**2 - 135*p - 1. Calculate l(-3).
-208
Let w(q) = -10*q**3 - 2*q**2 - 4*q. What is w(-1)?
12
Let m(v) = 39*v + 2353. Calculate m(-86).
-1001
Let p(m) = 4663*m - 834987. What is p(179)?
-310
Let r(c) = -648*c**2 + 72400*c + 19710. Give r(112).
-2
Let f(y) = y**3 - 146*y**2 + 14*y + 39451. Calculate f(144).
-5
Let h(r) = -r**3 + 152*r**2 - 1107*r - 6490. Give h(144).
-10
Let s(p) = -2112*p + 831877. What is s(394)?
-251
Let z(j) = -7*j**2 + 75*j - 3. Determine z(26).
-2785
Let p(q) = q**3 + 119*q**2 + 2209*q - 47. Give p(-96).
-143
Let u(x) = 15*x**2 - 7692*x + 29005. What is u(509)?
-8
Let p(b) = b**3 + 841*b**2 + 1704*b + 21812. What is p(-839)?
-2
Let w(t) = -3324*t - 309327. What is w(-93)?
-195
Let y(x) = x**3 - 13*x**2 - 191*x - 84. Give y(-8).
100
Let z(j) = -145*j - 6727. Give z(-48).
233
Let d(n) = -3057394*n + 39746127. What is d(13)?
5
Let s(u) = -8*u**2 - 792*u - 786. Give s(-97).
766
Let y(f) = -1347*f**2 + 12475*f - 3173. Determine y(9).
-5
Let x(b) = 3*b**2 - 12766*b + 101937. Calculate x(8).
1
Let v(t) = 977*t**2 - 23436*t - 224. Give v(24).
64
Let d(y) = -81*y**3 + 42*y**2 + 1. Determine d(-2).
817
Let j(c) = 85551*c + 1796654. What is j(-21)?
83
Let q(f) = -f**3 + 46*f**2 - 562*f + 5226. What is q(34)?
-10
Let q(f) = -920*f + 3682. What is q(4)?
2
Let t(r) = r**3 + 858*r**2 - 31290*r - 31258. Give t(-893).
-3
Let f(g) = -g**3 + 18*g**2 + 18*g - 300. Determine f(18).
24
Let q(f) = -f**2 + 496762*f - 5464256. What is q(11)?
5
Let v(o) = 66*o**3 - 5*o**2 + 214*o - 213. Calculate v(1).
62
Let h(d) = 4498*d + 728849. What is h(-162)?
173
Let a(k) = -3*k**3 - 16*k**2 - 224*k + 731. Calculate a(3).
-166
Let v(o) = o**2 + 77*o + 72. Determine v(-20).
-1068
Let i(s) = -2*s**3 - 20*s**2 + 63*s + 432. What is i(-10)?
-198
Let f(y) = 37737*y + 3169925. Calculate f(-84).
17
Let a(y) = -495*y + 5266. Calculate a(10).
316
Let f(b) = -4311*b - 39500. Give f(-9).
-701
Let z(f) = -31371*f + 376228. Give z(12).
-224
Let a(t) = 2108*t + 12192. What is a(-6)?
-456
Let g(a) = 3*a**3 - 96*a**2 - 170*a - 172. Give g(34).
984
Let f(t) = t**3 + 42*t**2 + 258*t - 203. Determine f(-9).
148
Let t(v) = 9*v**2 + 2368*v + 109662. Calculate t(-60).
-18
Let d(w) = -576*w + 946. Calculate d(0).
946
Let h(g) = 4*g**3 - 7*g**2 - 325*g + 1350. Give h(4).
194
Let h(w) = -w**3 + 31*w**2 + 27*w + 356. Calculate h(32).
196
Let y(g) = 46*g**3 + 4*g**2 - 11*g - 16. Determine y(-2).
-346
Let m(b) = 2*b**2 + 4410*b - 48664. Calculate m(11).
88
Let o(b) = 378*b + 8976. Calculate o(-26).
-852
Let k(g) = g**3 - 13*g**2 + 2599*g - 31312. Give k(12).
-268
Let d(q) = -1450*q**3 - 10*q**2 - 2*q + 13. What is d(1)?
-1449
Let v(i) = -3*i**2 + 3095*i + 40395. Calculate v(-13).
-347
Let l(p) = 5*p**2 - 3516*p - 237204. Determine l(-62).
8
Let t(i) = -24*i**3 + 124*i**2 + 335*i - 1298. Give t(6).
-8
Let k(f) = -f**3 - 21*f**2 - 29*f - 151. Determine k(-20).
29
Let g(f) = -f**2 + 272*f - 11509. Give g(217).
426
Let a(f) = -f**3 - 54*f**2 + 69*f + 459. Calculate a(-55).
-311
Let g(a) = 30*a**2 + 1554*a - 6700. Calculate g(4).
-4
Let u(l) = l**2 + 153*l - 1822. Determine u(11).
-18
Let j(a) = -5*a**3 - 1582*a**2 - 600*a + 11207. Give j(-316).
1095
Let t(s) = -53*s**3 + 3645*s**2 + 828*s - 98. What is t(69)?
-98
Let v(b) = -b**3 + 300*b**2 - 338*b + 11628. What is v(299)?
-33
Let c(m) = 513*m - 93225. What is c(182)?
141
Let k(x) = 14*x**2 + 377*x - 2979. Determine k(8).
933
Let i(f) = 12*f**2 + 6708*f + 6700. Determine i(-1).
4
Let z(m) = 3911*m + 89983. Determine z(-23).
30
Let q(i) = -3877*i + 23264. Give q(6).
2
Let t(v) = v**3 - 6*v**2 - 2311*v - 9077. Give t(-4).
7
Let f(s) = -7*s**3 - 2044*s**2 - 19*s - 5354. What is f(-292)?
194
Let a(i) = -21262*i + 212623. Determine a(10).
3
Let j(o) = 7734*o - 178082. Calculate j(23).
-200
Let a(v) = -3*v**3 - 687*v**2 - 20*v - 4586. What is a(-229)?
-6
Let p(a) = -131*a**2 - 5894*a + 60. Give p(-45).
15
Let m(j) = 4056*j - 1103260. Determine m(272).
-28
Let l(w) = -w**3 + 69*w**2 - 1096*w - 89. Determine l(44).
87
Let u(d) = 983*d + 3953. Determine u(-4).
21
Let o(b) = -94613*b - 283863. What is o(-3)?
-24
Let i(t)